et d(g) = 5*g + 4. Let y be d(7). Suppose -8*k + 43 = -61. What is the greatest common factor of y and k?
13
Suppose -3*l = -2*z - 489, 7*l - 3*z = 12*l - 834. Suppose 2 = -p + 17. What is the highest common factor of l and p?
15
Let t = 5 + 0. Suppose 3*n = -2*n - t. Let g = 4 - n. What is the greatest common factor of g and 40?
5
Suppose j - 9 = -2*j. Let u be 2/j*45/6. Let v be (2880/(-27))/(-16)*(4 - -2). Calculate the highest common divisor of u and v.
5
Let b be (1 + -2*163)/(6/(-6)). Calculate the highest common divisor of b and 130.
65
Suppose -3*d + 219 = -15. Suppose h = -2*j + 27 - 5, 4*j - 3*h - 54 = 0. Calculate the greatest common factor of j and d.
6
Suppose 3*r = 4*r - 3. Suppose -3 = 2*g + r. Let x be (-2)/4*-66 + g. What is the highest common divisor of x and 6?
6
Let d(l) = 2*l - 28. Let f be d(16). Suppose f*g + 30 - 114 = 0. Calculate the greatest common factor of 231 and g.
21
Suppose -3*q - 19 = -4*q - h, q = h + 17. Suppose -a + 8 = 3*j, -5*j = 2*a - a - q. Let y be 141 - (1 + a + 3). What is the highest common factor of y and 16?
16
Let d = 648 + -588. What is the greatest common divisor of d and 30?
30
Suppose -129 - 111 = -5*p. Let c(i) = i**2 + 2*i - 9. Let x be c(-5). Calculate the greatest common divisor of x and p.
6
Let a(d) = d**2 - d. Let l be a(3). Let c = 11 - -8. Suppose 27 = 4*w - 3*b, 3*w - 2*b = -0*w + c. What is the highest common divisor of l and w?
3
Let g = 156 + -142. What is the greatest common divisor of 98 and g?
14
Suppose 485 = -5*s + 5*x, s - 4*s + 5*x - 287 = 0. Let r = -45 - s. Suppose 5*l - r = 11. What is the highest common factor of 143 and l?
13
Let r = -14 - -44. Suppose 3*w = 2*p - 24, -2*p - 5*w + 0 - 8 = 0. What is the highest common divisor of p and r?
6
Let f = -372 - -456. What is the highest common divisor of 18 and f?
6
Suppose 3*f - 324 = -2*j - f, 3*j + 5*f - 483 = 0. Calculate the highest common divisor of j and 24.
12
Suppose 107 = 5*d - 58. Let n = -29 + d. Suppose -5*q + 4*p = -5 - 112, -5*p - 99 = -n*q. What is the highest common divisor of 14 and q?
7
Suppose 0 = -i + 2, -27 + 175 = 2*m - i. Calculate the highest common factor of 15 and m.
15
Suppose 0*m = -5*m + 50. Suppose 9*h = m*h - 131. Let g = h - 33. Calculate the highest common divisor of 14 and g.
14
Let s be (-1 - 7)/(-16) + (-1091)/(-2). What is the highest common divisor of 42 and s?
42
Let o be (-2)/13 - ((-1146)/13 + (-3 - -11)). Let t = -1 - -41. What is the highest common divisor of o and t?
40
Let z = 30 + -30. Suppose 7*k - 6*k - 38 = z. What is the greatest common divisor of k and 19?
19
Let u(l) = -56*l + 124. Let w be u(2). Suppose -a - 324 = -4*a. Calculate the greatest common divisor of a and w.
12
Suppose 4*f - f - 165 = 0. Calculate the greatest common divisor of 33 and f.
11
Let v = 22 + -14. Let d(i) = -i**3 + 9*i**2 - 5*i + 8. Let h be d(v). Calculate the greatest common factor of 224 and h.
32
Suppose -15 = -5*l + 2*l. Suppose -7*p + 285 = -12*p. Let f = -12 - p. Calculate the highest common factor of f and l.
5
Suppose 15*y - y = 1694. What is the greatest common factor of 11 and y?
11
Suppose 53*o - 59*o = -11658. What is the highest common divisor of o and 29?
29
Let z be 15/75 - (267/(-5))/3. Let f be (-3056)/(-144) - 4/z. What is the highest common factor of 14 and f?
7
Suppose 57 = 5*s + 2*p + 10, 7 = s - 2*p. Let r be 3*(78/s + -4). Calculate the greatest common divisor of r and 56.
14
Let n = 88 - 43. Let p = -600 - -605. What is the highest common factor of p and n?
5
Let m = -113 - -113. Suppose -2*b = -5*d + 9 + 4, 5*b - 2*d - 20 = m. What is the highest common divisor of b and 54?
6
Let j(m) = 44*m**3 - 3*m + 4. Let s be j(1). Let f(a) = 6*a**2 - 2*a + 1. Let u be f(1). Calculate the highest common divisor of u and s.
5
Let s be (1 - -2)*14/21. Suppose 4*o - 3*y - 16 = 0, y - 8 = -s*o - 4*y. Calculate the greatest common divisor of o and 6.
2
Let s be (1014/(-5))/((-12)/90). Suppose 936 = 7*f - s. Calculate the highest common divisor of 39 and f.
39
Suppose 0 = -y + 4*y + 3*a - 87, 151 = 5*y + 2*a. Suppose -v + 12 = -y. What is the greatest common divisor of v and 43?
43
Let s(j) = 6*j. Let q be s(4). Let a = q + 11. Suppose b - 42 = -3*d, -5*b + b + 28 = 2*d. Calculate the greatest common divisor of d and a.
7
Let s be 34/12 + 8/48. Suppose -5 = -3*n + 8*n + 5*q, s = -n - 3*q. Suppose -4*u = -n*u - 88. Calculate the highest common divisor of 33 and u.
11
Let i(n) = -2*n**2 + 54*n - 96. Let q be i(25). Calculate the greatest common divisor of 94 and q.
2
Let d(t) = -2*t + 4*t - 6 - 10 - 6. Let s be d(12). Calculate the greatest common divisor of 18 and s.
2
Suppose 153 = 16*f - 9367. What is the highest common divisor of 170 and f?
85
Let z(q) = -q**2 + 78*q - 720. Let n be z(11). Suppose -51 = -3*m - 0*m. What is the highest common factor of m and n?
17
Let v(z) = -z**2 + 17*z - 12. Let w be v(9). What is the greatest common divisor of w and 100?
20
Suppose -4*h = -3*a - 149, -33 - 148 = -5*h + 2*a. Calculate the greatest common factor of 98 and h.
7
Let i be 6/9 + 4342/39. Suppose 49*g - i = 48*g. Calculate the greatest common factor of g and 8.
8
Suppose 5*u - b = 6*u - 13, -3*u - 2*b = -36. What is the greatest common factor of u and 10?
10
Let c = 232 - 162. Let r be -2 + 348 + 1 - 1. Suppose 4*i - c = r. Calculate the highest common divisor of i and 13.
13
Suppose -52 = f + 2*y, 0 = -3*f + 2*y - 162 + 38. Let b = f + 98. Let c = -672 + 690. Calculate the highest common divisor of b and c.
18
Let g(w) = 54*w + 4. Let o be g(4). Let m(l) = l**2 - 14*l + 26. Let y be m(10). Let p = y - -34. What is the greatest common divisor of o and p?
20
Suppose -u - 38 - 172 = -5*i, 0 = -5*u. Suppose 6 = 3*q, z + 1 - 3 = 2*q. What is the highest common factor of z and i?
6
Let o be ((-36)/15)/(2/10). Let z = 18 + o. Calculate the highest common factor of 66 and z.
6
Suppose 146*o - 157*o + 132 = 0. What is the highest common factor of 1452 and o?
12
Suppose 5*k + 2*k = k. Suppose k = -5*x + 7*x - 64. Let v = 17 - 9. What is the greatest common factor of v and x?
8
Suppose 18 = -3*s + 4*s - 2*d, -18 = -s + d. Let o = -9 - -15. Let w be o*((-9)/(-2) - 0). Calculate the greatest common divisor of w and s.
9
Suppose 74 = -4*h + 3*t + 512, -h - 4*t = -100. Calculate the greatest common factor of h and 12.
12
Let j = 36 - 37. Let h(g) = -5*g**3 + 2*g**2 + 3*g + 2. Let b be h(j). Calculate the highest common factor of b and 18.
6
Suppose 0*g - 190 = -5*b + g, 152 = 4*b - g. Let x = 305 - 153. Calculate the highest common divisor of x and b.
38
Let i be (-2)/(-4)*(1 + 3). Let r(o) = -o**2 + 9 - 2*o**3 + 3*o**3 - 10. Let l be r(i). What is the greatest common factor of l and 6?
3
Let c(n) be the third derivative of -1/8*n**4 - 3*n**3 + 6*n**2 + 0*n + 0. Let f be c(-12). Calculate the highest common divisor of 45 and f.
9
Let b be (-2)/13 + 158/13. Let s = 256 - 124. Calculate the highest common divisor of b and s.
12
Let z be (1 + -2 - -2 - 0) + 35. Let x be (z/30)/((-6)/(-80)). Calculate the greatest common factor of x and 16.
16
Let a = 465 + -370. Calculate the greatest common factor of a and 38.
19
Suppose -4*h - 3*u = -119, -2*h - 5*u - 16 = -65. Calculate the highest common factor of 256 and h.
32
Let p = -220 + 231. What is the greatest common factor of 3 and p?
1
Suppose -4 = 2*w, f + 24*w - 50 = 28*w. What is the highest common factor of 105 and f?
21
Let s = -1435 + 2195. What is the highest common factor of 16 and s?
8
Suppose -3*x - 2*c = -1576, -4 = 49*c - 48*c. Calculate the greatest common factor of 96 and x.
48
Suppose 0 = 13*h - 11*h - 66. Suppose 0 = -5*s - 3*l + 8*l + 80, 0 = 3*s + 3*l - 18. What is the greatest common factor of s and h?
11
Let v(a) = a**3 + 26*a**2 + 44*a - 54. Let w be v(-24). Calculate the highest common divisor of 126 and w.
42
Let x(f) = 18*f + 46. Let a be x(8). Calculate the greatest common divisor of 50 and a.
10
Let b(z) = -56*z + 9. Let d be b(-9). What is the greatest common factor of 19 and d?
19
Let u(n) = -n**2 - n. Let o be u(-1). Suppose -5*c + 10*c - 85 = o. Suppose -k - c = -2*z, 5*z + 0*z + 2*k = 20. What is the highest common factor of 24 and z?
6
Suppose -2*m + 714 = 2*q, -2*m + 4*q = -0*m - 684. What is the highest common factor of m and